10*h - 9. What is k(t)?
0
Let h(s) = 5*s**2 + 6*s. Suppose 0 = -2*d - 34 + 32. Let m(v) = v**2 + v - 1. Let x(o) = d*h(o) + 6*m(o). What is x(-5)?
19
Let u(a) = -3*a - 22. Let k(x) = 2*x + 15. Let c(s) = 7*k(s) + 5*u(s). Let y be (-2)/7 - (-31857)/(-147). Let t be y/(-21) + -4 - (-2)/(-6). What is c(t)?
-11
Let z(q) = 17*q**3 - 14*q**3 - 184*q**2 - 2*q**3 + 2 + 188*q**2 - 7*q. What is z(-5)?
12
Let w(a) = -a**2 - 5*a + 2. Suppose 6*u + 30 = u. Let t be (-4)/u*(-45)/6. Give w(t).
2
Let z be 15/6*(-8)/(-5). Let b = -2 + z. Let i(n) = -1 + 5*n**3 - b*n - 2*n + 4*n. Determine i(1).
4
Suppose -3*p + 164 = p. Let k = p + -41. Let h(f) = f**2 - f. Let q(b) = 5*b**2 - 5*b - 5. Let g(s) = -4*h(s) + q(s). What is g(k)?
-5
Suppose -205*j + 12 = -207*j. Let z(l) = -l - 4. Give z(j).
2
Let z(j) be the third derivative of 1/6*j**3 + 0*j - 7*j**2 + 0 + 1/3*j**4. Suppose 0 - 2 = x. Calculate z(x).
-15
Suppose 3*w + 4*g - 1972 = w, 0 = 4*w + g - 3937. Let s(d) = 11*d - 983*d**3 - 1 + 4 + 11*d**2 + w*d**3. Calculate s(-10).
-7
Let c(z) be the first derivative of 2*z**3/3 - 11*z**2 - 9*z + 150. Calculate c(12).
15
Let q(k) be the first derivative of 39*k**2/2 + k + 26. Calculate q(1).
40
Let g(z) = -5*z. Let v be g(-1). Let i(c) be the first derivative of -c**2 + 4*c + 2. Let p(o) = 6*o - 11. Let k(s) = -8*i(s) - 3*p(s). Determine k(v).
-9
Let q(g) = 4*g**3 + g**2 + 2*g - 5. Let c(i) = -3*i**3 - i**2 - i + 5. Let o(h) = 3*c(h) + 2*q(h). Let k = 15 - 17. Let w be k/4*0/5. Determine o(w).
5
Let o(a) = -a**2 + 9*a - 5. Let t be (-36 - 6)/(-7) + 2. Calculate o(t).
3
Let o(b) be the second derivative of b**4/12 - 4*b**3/3 - 7*b**2/2 - 145*b. Determine o(8).
-7
Let j(c) = -c**2 + 6*c + 9. Let z(t) = 27*t + 141. Let w be z(-5). Give j(w).
9
Suppose 5*u = -3*u + 64. Let b(i) = 2*i**2 + 8*i - 10. Let a(o) = -5*o**2 - 23*o + 29. Let l(r) = u*b(r) + 3*a(r). Calculate l(6).
13
Let p(j) be the third derivative of j**7/5040 - j**6/120 + 3*j**5/10 + 17*j**2. Let l(i) be the third derivative of p(i). Calculate l(7).
1
Let b(g) = -7*g - 2*g**2 - 4 + 33*g**2 - 32*g**2. Let x = -3 + -9. Let l = 7 + x. Determine b(l).
6
Let o(q) be the first derivative of q**2/2 + 8*q + 38. Give o(-5).
3
Suppose 3*w - 3 = -z + 2, 11 = w + 5*z. Let h(i) = 0*i**2 - 16*i + 9*i + i**2 + 0 - w. What is h(7)?
-1
Let u(l) = -2*l + 19. Let n be u(8). Let i(d) = 9*d**2 - n*d - 903 + 904 + 2*d. What is i(1)?
9
Let w(i) = -i - 9. Let y be w(-9). Let v = -2 + y. Let c(m) = -283*m + 277*m + 5 + 0 - 7. What is c(v)?
10
Let c(s) be the first derivative of -3*s**4/4 + s**3/3 + s**2/2 - s - 408. Give c(1).
-2
Let n(z) = -6 + 2*z**2 + 8 - 4*z**3 + 8*z - 12*z. Calculate n(2).
-30
Let w(g) be the second derivative of -g**7/1260 + g**6/144 + g**5/40 + g**4/2 - 10*g. Let l(d) be the third derivative of w(d). Calculate l(4).
-9
Let m(r) = r**2 - 9*r - 8. Let k = 918 + -911. Determine m(k).
-22
Let q be 30/255 + (-4)/34. Let j(r) = -127 + 124 + 0*r - r + q*r. Calculate j(5).
-8
Let r = 28 - 22. Let y = -1 + 2. Let s(x) = 8*x**2 - 9*x + 8. Let w(n) = -n**3 - n**2 + n + 1. Let g(i) = y*s(i) + w(i). Determine g(r).
-3
Let l(d) = 5*d**2 + 2*d - 7. Let m(j) = 2*j**2 - 39*j + 23*j + 19*j - 7 + 2*j**2. Let a(x) = 3*l(x) - 4*m(x). Determine a(-5).
12
Let z = -87 + 93. Let i(k) = k. Calculate i(z).
6
Let w(u) be the first derivative of 1/4*u**4 - 3*u - 1/3*u**3 + 1/2*u**2 + 3. Let o = -68 - -68. Give w(o).
-3
Let o(l) = -4*l**2 - 11*l + 7. Let i(k) = 5*k**2 + 13*k - 8. Let g(r) = 5*i(r) + 6*o(r). What is g(2)?
4
Let x(c) = -4*c**3 + 3*c**3 - 3*c**2 + 7*c**2 + 3*c**2. Let l(v) = -v**2 + 9*v - 8. Let r be l(9). Let i = r + 15. Give x(i).
0
Let k(v) be the first derivative of -3*v**3 - v**2/2 - v + 149. Let x = 3 + -4. Give k(x).
-9
Let x(q) = 4*q + 4. Suppose -4*m - 1 = -k, 5*k + 31 = -3*m + 13. Calculate x(k).
-8
Suppose 31 = -4*f + 5*q, -4*f - 4*q + 0*q - 4 = 0. Let j(r) = -r**3 + 4*r**2 + r - 2. Let b be j(4). Let c(i) = -b + 1 + i + 2 + 0*i. Determine c(f).
-3
Let a(z) = 0*z**2 + z + 8 - 10*z + z**2. Suppose 2*n = -3*r + 1, -5*r - n + 8 + 3 = 0. Suppose 2*f + 3*q - 4*q = 18, -5*f - r*q + 23 = 0. Give a(f).
-6
Let r(f) = -f**2 + 3*f - 8. Let a(o) = o + 1. Let i(g) = -2*a(g) - r(g). Let u(p) = 2*p + 5. Let x be u(-6). Let h(d) = d + 11. Let y be h(x). Calculate i(y).
2
Let j(a) = 8*a - 6 + 368849*a**2 + 13 - a**3 - 368841*a**2. Suppose 5*b - 18 = 3*b. What is j(b)?
-2
Suppose 10*i = -64 + 134. Let f(z) = z**2 - 9*z + 1. Calculate f(i).
-13
Let f(r) = 3*r**2 + 4*r - 4. Let v(j) = 4*j - 2*j - 17*j - 13*j**2 + 17. Let b(p) = 9*f(p) + 2*v(p). Calculate b(-3).
-11
Let o(f) = -f**3 - 10*f**2 - 12*f - 7. Suppose -42 = 4*r + 6*i - 4*i, 5*i + 6 = r. Give o(r).
20
Suppose u - 9 + 3 = 0. Suppose -3*w = -3 - u. Let r(b) = 3*b**2 - 5*b - 2. Let f(v) = 4*v**2 - 7*v - 3. Let i(q) = -5*f(q) + 7*r(q). What is i(w)?
10
Let t(w) be the third derivative of w**9/30240 - w**8/10080 - w**7/2520 + w**6/720 - w**5/15 + 14*w**2. Let z(y) be the third derivative of t(y). What is z(2)?
5
Let v(i) = i**2 - i - 1. Let g = 21 + -22. Let h(x) = x**3 + 8*x**2 - 5*x - 4. Let n(z) = g*h(z) + 4*v(z). What is n(-3)?
-12
Let t(x) = -x**2 + 4*x - 1. Let i be (-1244)/26 + (-30)/195. Let n be i/40*1*-5. Give t(n).
-13
Let p = 339 + -353. Let b(l) = l + 14. Calculate b(p).
0
Let u(o) = o**2 + 19*o + 38. Let y be u(-17). Let f(r) = y*r**2 + 0*r - r - 9*r**2. Let z(i) = -i**2 - 12*i - 12. Let v be z(-11). What is f(v)?
-4
Let j be 0 + -3 - 28*4/(-32). Let y(h) be the first derivative of -j*h**2 + 6*h + 2. What is y(5)?
1
Let p(y) = y**2 + 8*y + 4. Let c be p(-8). Let h(d) = -d**2 + 9*d - 12. Let b(k) = -4*k + 9*k - 3*k - 13 + 7*k - k**2. Let z(s) = c*h(s) - 3*b(s). Give z(8).
-1
Let c(w) = -8*w - 1 - 2*w**2 - 3*w + 3*w**2 - 4*w + 13*w. Determine c(2).
-1
Let k(p) = -2*p - 1. Let w(t) = 9*t - 8. Let d(u) = 6*k(u) + w(u). What is d(-3)?
-5
Suppose l - 4*c - 12 = -8*c, -l + 4*c = -4. Let t(k) = k**3 - 9*k**2 + 6*k - 12. Determine t(l).
-28
Let z be (-42)/(-98) + 53/7. Let g(r) = -33*r - 30*r + 62*r + 5. Determine g(z).
-3
Let f(v) be the second derivative of -3/2*v**2 + 0 + v + 1/6*v**3. Give f(6).
3
Let d = 312 - 318. Let k(i) = -i**3 - 6*i**2. What is k(d)?
0
Let i(u) = 64*u**2 + 73*u**2 + 6 - 140*u**2 + u**3 - 4*u. Give i(3).
-6
Let f(x) = x**2 + 5*x + 6. Let z(w) = 2*w**2 - 14*w - 291. Let u be z(-9). Give f(u).
0
Let h(t) = t**3 - 2*t**2 + t. Suppose 0*o + f - 3 = o, 0 = -2*o - 3*f + 9. Suppose -12 = -o*q - q. Let j be (q/(-18))/(2/(-3)). Determine h(j).
0
Suppose 6 = -5*r + 11. Let j(q) = -3 + 203*q - 204*q + r. What is j(-2)?
0
Let o(m) be the second derivative of -m**7/840 + m**6/36 - m**5/120 - m**4/12 + 5*m**3 - 24*m - 2. Let i(u) be the second derivative of o(u). What is i(10)?
-12
Let v(s) = 5*s**3 + 2*s - 10. Let n(c) = c**3 - c**2 - c. Let u(r) = -6*n(r) + v(r). Let t = -1265 + 1272. What is u(t)?
-3
Let t(n) = n**3 - 5*n**2 - n - 2. Suppose b - 68 = 5*b. Let w = b + 24. Let h = w - 2. Calculate t(h).
-7
Let g be 8*3/12*1. Let l(u) = -2*u + 3*u + u - u**g + 5 + 0*u**2. Determine l(4).
-3
Suppose -1 - 9 = 5*f + 5*u, -3*u + 6 = f. Let w be 95/15 - (-2)/f. Let m(l) = -l + 22. Let p(r) = -2. Let s(a) = 2*m(a) + 18*p(a). Give s(w).
-4
Let l(m) = -2*m + m**2 - 2*m**2 + 1 + 0. Suppose j - 6 = -2*w - 0*w, -3*w = -2*j - 16. Let q(x) = -x**2 - x + 2. Let n(c) = j*q(c) + 3*l(c). What is n(-4)?
-1
Let w(n) = -3*n**2 + 5*n - 3. Let y = 29 - 3. Let o = -151 + 174. Let u = y - o. Determine w(u).
-15
Suppose 2*a - 9*a + 14 = 0. Let b(i) = -3 - 6*i**a - 2*i**3 + 0*i**3 - i + i**3 + 1. Suppose -4*u - 13 - 17 = -2*s, 30 = -3*u + 4*s. Determine b(u).
4
Let q(p) = -p**2 - 2*p + 1. Let n = 224 - 226. What is q(n)?
1
Let y(v) be the first derivative of -v**2/2 - 3*v - 11. Let u be y(4). Let q(i) = -i - 3. Give q(u).
4
Let v(z) = -3*z**2 - 8*z + 5. Let l(g) = 2*g**2 + 3*g - 2. Let k(x) = -5*l(x) - 3*v(x). What is k(6)?
13
Let f(i) = 32020 - 2*i - 32020. Suppose -3*w - b = -17, 5*w + 2*b - 24 = 6. Calculate f(w).
-8
Let n(r) = r + 8. Suppose 4*s = 2*b + 34, -41 = -3*s - 2*s + b. Suppose -5*a + 18 = -s*a. Determine n(a).
2
Let k(b) = -165*b - 336. Let v be k(-2). Let o(t) be the first derivative of t**3/3 + 5*t**2/2 - 3*t - 1. Calculate o(v).
3
Let l(o) be the second derivative of -o